{"id":1220,"date":"2024-10-04T21:15:00","date_gmt":"2024-10-04T19:15:00","guid":{"rendered":"https:\/\/spd-borgfeld-lehesterdeich.de\/?page_id=1220"},"modified":"2026-02-24T11:37:49","modified_gmt":"2026-02-24T09:37:49","slug":"home","status":"publish","type":"page","link":"https:\/\/spd-borgfeld-lehesterdeich.de\/","title":{"rendered":"Home"},"content":{"rendered":"\t\t<div data-elementor-type=\"wp-page\" data-elementor-id=\"1220\" class=\"elementor elementor-1220\">\n\t\t\t\t<div class=\"elementor-element elementor-element-7c8040c e-flex e-con-boxed e-con e-parent\" data-id=\"7c8040c\" data-element_type=\"container\" data-e-type=\"container\">\n\t\t\t\t\t<div class=\"e-con-inner\">\n\t\t\t\t<div class=\"elementor-element elementor-element-70cf6fbc elementor-widget elementor-widget-text-editor\" data-id=\"70cf6fbc\" data-element_type=\"widget\" data-e-type=\"widget\" data-widget_type=\"text-editor.default\">\n\t\t\t\t<div class=\"elementor-widget-container\">\n\t\t\t\t\t\t\t\t\t<p>\u00a0<\/p>\n<hr class=\"wp-block-separator has-alpha-channel-opacity\" \/><!-- \/wp:separator --><!-- wp:heading -->\n<h2 class=\"wp-block-heading\">Herzlich Willkommen im SPD Ortsverein Borgfeld-Lehesterdeich<\/h2>\n<!-- \/wp:heading --><!-- wp:tadv\/classic-paragraph -->\n<p>Als SPD Ortsverein Borgfeld-Lehesterdeich setzen wir uns ein f\u00fcr eine Gesellschaft, an der jede B\u00fcrgerin und jeder B\u00fcrger aktiv teilhaben kann und sich mit seinen Ideen f\u00fcr die Zukunft Bremens einbringen kann. Dabei f\u00fchlen wir uns den Grundwerten <strong>Freiheit, Gerechtigkeit und Solidarit\u00e4t<\/strong> besonders verbunden. Das gemeinsame Miteinander aller Bremerinnen und Bremer m\u00f6chten wir aktiv gestalten und die notwendigen Ver\u00e4nderungen mit dir und f\u00fcr dich auf den Weg bringen.<\/p>\n<p>Als SPD-Ortsverein vertreten wir den Stadtteil Borgfeld und den Ortsteil Lehesterdeich und bilden die Basis der politischen Arbeit vor Ort. Dabei spielen wir eine zentrale Rolle bei der politischen Mitbestimmung und erm\u00f6glichen so den direkten Austausch zwischen B\u00fcrger*innen und Partei. Wir organisieren regelm\u00e4\u00dfige Treffen, Veranstaltungen und Diskussionen, um die Anliegen und Interessen der Mitglieder*innen und der Gemeinschaft zu diskutieren und eine Plattform f\u00fcr politisches Engagement zu bieten.<\/p>\n<div class=\"fusion-text fusion-text-3\">\n<p><strong>Komm vorbei und gestalte mit uns Borgfeld und Lehesterdeich!<\/strong><\/p>\n<p>Falls du noch unsicher bist ob du dich langfristig in der SPD engagieren m\u00f6chtest ist das gar kein Problem. Komm einfach zu einem unserer Treffen und du kannst ganz unverbindlich &#8222;reinschnuppern&#8220; in unsere Arbeit vor Ort. Einfach unter dem Reiter <a href=\"https:\/\/spd-borgfeld-lehesterdeich.de\/?post_type=tribe_events\"><strong>Veranstaltungen<\/strong><\/a> nachschauen, vorbeikommen und mitmachen. Gerne kannst du auch auf unseren Social Media Kan\u00e4len vorbeischauen. Klicke daf\u00fcr einfach unten auf die entsprechenden Symbole.<\/p>\n<p>Wir sind immer offen f\u00fcr Ideen, Anregungen und Feedback. Du kannst uns auch gerne bei einzelnen Aktionen unterst\u00fctzen.<\/p>\n<\/div>\n<div class=\"fusion-text fusion-text-4\">\n<p>Falls du <strong>Fragen, W\u00fcnsche oder Kritik<\/strong> hast, kannst du dich immer an uns wenden. Kontaktiere uns einfach \u00fcber den Button.<\/p>\n<\/div>\n<!-- \/wp:tadv\/classic-paragraph --><!-- wp:paragraph {\"placeholder\":\"Gib \/ ein, um einen verborgenen Block hinzuzuf\u00fcgen\"} -->\n<p>\u00a0<\/p>\n<!-- \/wp:paragraph --><!-- wp:separator --><hr class=\"wp-block-separator has-alpha-channel-opacity\" \/><!-- \/wp:separator --><!-- wp:buttons {\"layout\":{\"type\":\"flex\",\"justifyContent\":\"center\"}} -->\n<div class=\"wp-block-buttons\"><!-- wp:button {\"className\":\"is-style-fill\",\"style\":{\"color\":{\"background\":\"#4e4e4e\"}}} -->\n<div class=\"wp-block-button is-style-fill\"><a class=\"wp-block-button__link has-background wp-element-button\" style=\"background-color: #4e4e4e;\" href=\"mailto: spd.borgfeld@posteo.de\">Kontaktiere uns<\/a><\/div>\n<!-- \/wp:button --><\/div>\n<!-- \/wp:buttons --><!-- wp:separator --><hr class=\"wp-block-separator has-alpha-channel-opacity\" \/><!-- \/wp:separator --><!-- wp:columns -->\n<div class=\"wp-block-columns\"><!-- wp:column -->\n<div class=\"wp-block-column\">\u00a0<\/div>\n<!-- \/wp:column --><!-- wp:column -->\n<div class=\"wp-block-column\">\u00a0<\/div>\n<!-- \/wp:column --><\/div>\n<!-- \/wp:columns -->\t\t\t\t\t\t\t\t<\/div>\n\t\t\t\t<\/div>\n\t\t\t\t\t<\/div>\n\t\t\t\t<\/div>\n\t\t\t\t<\/div>\n\t\t","protected":false},"excerpt":{"rendered":"<p>\u00a0 Herzlich Willkommen im SPD Ortsverein Borgfeld-Lehesterdeich Als SPD Ortsverein Borgfeld-Lehesterdeich setzen wir uns ein f\u00fcr eine Gesellschaft, an der jede B\u00fcrgerin und jeder B\u00fcrger aktiv teilhaben kann und sich [&hellip;]<\/p>\n","protected":false},"author":6,"featured_media":0,"parent":0,"menu_order":1,"comment_status":"closed","ping_status":"closed","template":"","meta":{"footnotes":""},"coauthors":[13],"class_list":["post-1220","page","type-page","status-publish","hentry"],"_links":{"self":[{"href":"https:\/\/spd-borgfeld-lehesterdeich.de\/index.php?rest_route=\/wp\/v2\/pages\/1220","targetHints":{"allow":["GET"]}}],"collection":[{"href":"https:\/\/spd-borgfeld-lehesterdeich.de\/index.php?rest_route=\/wp\/v2\/pages"}],"about":[{"href":"https:\/\/spd-borgfeld-lehesterdeich.de\/index.php?rest_route=\/wp\/v2\/types\/page"}],"author":[{"embeddable":true,"href":"https:\/\/spd-borgfeld-lehesterdeich.de\/index.php?rest_route=\/wp\/v2\/users\/6"}],"replies":[{"embeddable":true,"href":"https:\/\/spd-borgfeld-lehesterdeich.de\/index.php?rest_route=%2Fwp%2Fv2%2Fcomments&post=1220"}],"version-history":[{"count":44,"href":"https:\/\/spd-borgfeld-lehesterdeich.de\/index.php?rest_route=\/wp\/v2\/pages\/1220\/revisions"}],"predecessor-version":[{"id":2168,"href":"https:\/\/spd-borgfeld-lehesterdeich.de\/index.php?rest_route=\/wp\/v2\/pages\/1220\/revisions\/2168"}],"wp:attachment":[{"href":"https:\/\/spd-borgfeld-lehesterdeich.de\/index.php?rest_route=%2Fwp%2Fv2%2Fmedia&parent=1220"}],"wp:term":[{"taxonomy":"author","embeddable":true,"href":"https:\/\/spd-borgfeld-lehesterdeich.de\/index.php?rest_route=%2Fwp%2Fv2%2Fcoauthors&post=1220"}],"curies":[{"name":"wp","href":"https:\/\/api.w.org\/{rel}","templated":true}]}}